{"id":2375,"date":"2023-06-19T10:30:20","date_gmt":"2023-06-19T08:30:20","guid":{"rendered":"https:\/\/feinsinn.ukoo.hosting\/?page_id=2375"},"modified":"2023-09-21T10:36:28","modified_gmt":"2023-09-21T08:36:28","slug":"lequipe","status":"publish","type":"page","link":"https:\/\/www.feinsinn-zahngesundheit.ch\/fr\/lequipe\/","title":{"rendered":"L&rsquo;\u00e9quipe"},"content":{"rendered":"\t\t<div data-elementor-type=\"wp-page\" data-elementor-id=\"2375\" class=\"elementor elementor-2375\" data-elementor-post-type=\"page\">\n\t\t\t\t\t\t<section class=\"elementor-section elementor-top-section elementor-element elementor-element-75918ea elementor-section-boxed elementor-section-height-default elementor-section-height-default\" data-id=\"75918ea\" data-element_type=\"section\" data-e-type=\"section\" data-settings=\"{&quot;jet_parallax_layout_list&quot;:[]}\">\n\t\t\t\t\t\t<div class=\"elementor-container elementor-column-gap-default\">\n\t\t\t\t\t<div class=\"elementor-column elementor-col-100 elementor-top-column elementor-element elementor-element-a2dccb5\" data-id=\"a2dccb5\" data-element_type=\"column\" data-e-type=\"column\">\n\t\t\t<div class=\"elementor-widget-wrap elementor-element-populated\">\n\t\t\t\t\t\t<div class=\"elementor-element elementor-element-0cacfd6 elementor-widget elementor-widget-text-editor\" data-id=\"0cacfd6\" data-element_type=\"widget\" data-e-type=\"widget\" data-widget_type=\"text-editor.default\">\n\t\t\t\t<div class=\"elementor-widget-container\">\n\t\t\t\t\t\t\t\t\t<ol><li><span style=\"font-weight: 400;\"> BRUNO MARCIANO<\/span><\/li><\/ol><p><span style=\"font-weight: 400;\">Le Docteur Bruno Marciano est dipl\u00f4m\u00e9 de la facult\u00e9 de chirurgie dentaire de Strasbourg en 1987 et..<\/span><\/p><p><span style=\"font-weight: 400;\">bouton : En savoir+<\/span><\/p><p>\u00a0<\/p><h5><span style=\"font-weight: 400;\">DR. BILJANA MILIC<\/span><\/h5><p><span style=\"font-weight: 400;\">Depuis 1990, le Docteur Biljana Milic travaille comme dentiste en Suisse et suis des formations r\u00e9guli\u00e8res\u2026<\/span><\/p><p><span style=\"font-weight: 400;\">Bouton : En savoir +<\/span><\/p><p dir=\"ltr\" style=\"line-height: 1.56; margin-top: 0pt; margin-bottom: 0pt;\"><span style=\"font-size: 12pt; font-family: 'Open Sans',sans-serif; color: #0b1d28; background-color: transparent; font-weight: 400; font-style: normal; font-variant: normal; text-decoration: none; vertical-align: baseline; white-space: pre-wrap;\">DR. SANDRINA REISINGER<\/span><\/p><p dir=\"ltr\" style=\"line-height: 1.56; margin-top: 0pt; margin-bottom: 0pt;\">Pour le Docteur Sandrina Reisinger, travailler dans le domaine dentaire est une tradition familiale&#8230;<\/p><p>\u00a0<\/p>\t\t\t\t\t\t\t\t<\/div>\n\t\t\t\t<\/div>\n\t\t\t\t\t<\/div>\n\t\t<\/div>\n\t\t\t\t\t<\/div>\n\t\t<\/section>\n\t\t\t\t<\/div>\n\t\t","protected":false},"excerpt":{"rendered":"<p>BRUNO MARCIANO Le Docteur Bruno Marciano est dipl\u00f4m\u00e9 de la facult\u00e9 de chirurgie dentaire de Strasbourg en 1987 et.. bouton : En savoir+ DR. BILJANA MILIC Depuis 1990, le Docteur Biljana Milic travaille comme dentiste en Suisse et suis des formations r\u00e9guli\u00e8res\u2026 Bouton : En savoir + DR. SANDRINA REISINGER Pour le Docteur Sandrina Reisinger, <\/p>\n","protected":false},"author":1,"featured_media":0,"parent":0,"menu_order":0,"comment_status":"closed","ping_status":"closed","template":"","meta":{"footnotes":""},"class_list":["post-2375","page","type-page","status-publish","hentry"],"acf":[],"yoast_head":"<!-- This site is optimized with the Yoast SEO plugin v27.3 - https:\/\/yoast.com\/product\/yoast-seo-wordpress\/ -->\n<title>L&#039;\u00e9quipe de chirurgiens dentaire - Feinsinn<\/title>\n<meta name=\"description\" content=\"Notre \u00e9quipe de chirurgiens dentaire professionnelle est \u00e0 votre disposition. D\u00e9couvrez qui ils sont, leur exp\u00e9rience et leurs nombreuses comp\u00e9tences.\" \/>\n<meta name=\"robots\" content=\"index, follow, max-snippet:-1, max-image-preview:large, max-video-preview:-1\" \/>\n<link rel=\"canonical\" href=\"https:\/\/www.feinsinn-zahngesundheit.ch\/fr\/lequipe\/\" \/>\n<meta property=\"og:locale\" content=\"fr_FR\" \/>\n<meta property=\"og:type\" content=\"article\" \/>\n<meta property=\"og:title\" content=\"L&#039;\u00e9quipe de chirurgiens dentaire - Feinsinn\" \/>\n<meta property=\"og:description\" content=\"Notre \u00e9quipe de chirurgiens dentaire professionnelle est \u00e0 votre disposition. D\u00e9couvrez qui ils sont, leur exp\u00e9rience et leurs nombreuses comp\u00e9tences.\" \/>\n<meta property=\"og:url\" content=\"https:\/\/www.feinsinn-zahngesundheit.ch\/fr\/lequipe\/\" \/>\n<meta property=\"og:site_name\" content=\"Feinsinn\" \/>\n<meta property=\"article:modified_time\" content=\"2023-09-21T08:36:28+00:00\" \/>\n<meta name=\"twitter:card\" content=\"summary_large_image\" \/>\n<meta name=\"twitter:label1\" content=\"Dur\u00e9e de lecture estim\u00e9e\" \/>\n\t<meta name=\"twitter:data1\" content=\"1 minute\" \/>\n<script type=\"application\/ld+json\" class=\"yoast-schema-graph\">{\"@context\":\"https:\\\/\\\/schema.org\",\"@graph\":[{\"@type\":\"WebPage\",\"@id\":\"https:\\\/\\\/www.feinsinn-zahngesundheit.ch\\\/lequipe\\\/\",\"url\":\"https:\\\/\\\/www.feinsinn-zahngesundheit.ch\\\/lequipe\\\/\",\"name\":\"L'\u00e9quipe de chirurgiens dentaire - Feinsinn\",\"isPartOf\":{\"@id\":\"https:\\\/\\\/www.feinsinn-zahngesundheit.ch\\\/#website\"},\"datePublished\":\"2023-06-19T08:30:20+00:00\",\"dateModified\":\"2023-09-21T08:36:28+00:00\",\"description\":\"Notre \u00e9quipe de chirurgiens dentaire professionnelle est \u00e0 votre disposition. D\u00e9couvrez qui ils sont, leur exp\u00e9rience et leurs nombreuses comp\u00e9tences.\",\"breadcrumb\":{\"@id\":\"https:\\\/\\\/www.feinsinn-zahngesundheit.ch\\\/lequipe\\\/#breadcrumb\"},\"inLanguage\":\"fr-FR\",\"potentialAction\":[{\"@type\":\"ReadAction\",\"target\":[\"https:\\\/\\\/www.feinsinn-zahngesundheit.ch\\\/lequipe\\\/\"]}]},{\"@type\":\"BreadcrumbList\",\"@id\":\"https:\\\/\\\/www.feinsinn-zahngesundheit.ch\\\/lequipe\\\/#breadcrumb\",\"itemListElement\":[{\"@type\":\"ListItem\",\"position\":1,\"name\":\"Home\",\"item\":\"https:\\\/\\\/www.feinsinn-zahngesundheit.ch\\\/\"},{\"@type\":\"ListItem\",\"position\":2,\"name\":\"L&rsquo;\u00e9quipe\"}]},{\"@type\":\"WebSite\",\"@id\":\"https:\\\/\\\/www.feinsinn-zahngesundheit.ch\\\/#website\",\"url\":\"https:\\\/\\\/www.feinsinn-zahngesundheit.ch\\\/\",\"name\":\"Feinsinn\",\"description\":\"\",\"publisher\":{\"@id\":\"https:\\\/\\\/www.feinsinn-zahngesundheit.ch\\\/#organization\"},\"potentialAction\":[{\"@type\":\"SearchAction\",\"target\":{\"@type\":\"EntryPoint\",\"urlTemplate\":\"https:\\\/\\\/www.feinsinn-zahngesundheit.ch\\\/?s={search_term_string}\"},\"query-input\":{\"@type\":\"PropertyValueSpecification\",\"valueRequired\":true,\"valueName\":\"search_term_string\"}}],\"inLanguage\":\"fr-FR\"},{\"@type\":\"Organization\",\"@id\":\"https:\\\/\\\/www.feinsinn-zahngesundheit.ch\\\/#organization\",\"name\":\"Feinsinn\",\"url\":\"https:\\\/\\\/www.feinsinn-zahngesundheit.ch\\\/\",\"logo\":{\"@type\":\"ImageObject\",\"inLanguage\":\"fr-FR\",\"@id\":\"https:\\\/\\\/www.feinsinn-zahngesundheit.ch\\\/#\\\/schema\\\/logo\\\/image\\\/\",\"url\":\"https:\\\/\\\/www.feinsinn-zahngesundheit.ch\\\/wp-content\\\/uploads\\\/2023\\\/06\\\/logo_feinsinn_rvb.png\",\"contentUrl\":\"https:\\\/\\\/www.feinsinn-zahngesundheit.ch\\\/wp-content\\\/uploads\\\/2023\\\/06\\\/logo_feinsinn_rvb.png\",\"width\":1000,\"height\":335,\"caption\":\"Feinsinn\"},\"image\":{\"@id\":\"https:\\\/\\\/www.feinsinn-zahngesundheit.ch\\\/#\\\/schema\\\/logo\\\/image\\\/\"}}]}<\/script>\n<!-- \/ Yoast SEO plugin. -->","yoast_head_json":{"title":"L'\u00e9quipe de chirurgiens dentaire - Feinsinn","description":"Notre \u00e9quipe de chirurgiens dentaire professionnelle est \u00e0 votre disposition. D\u00e9couvrez qui ils sont, leur exp\u00e9rience et leurs nombreuses comp\u00e9tences.","robots":{"index":"index","follow":"follow","max-snippet":"max-snippet:-1","max-image-preview":"max-image-preview:large","max-video-preview":"max-video-preview:-1"},"canonical":"https:\/\/www.feinsinn-zahngesundheit.ch\/fr\/lequipe\/","og_locale":"fr_FR","og_type":"article","og_title":"L'\u00e9quipe de chirurgiens dentaire - Feinsinn","og_description":"Notre \u00e9quipe de chirurgiens dentaire professionnelle est \u00e0 votre disposition. D\u00e9couvrez qui ils sont, leur exp\u00e9rience et leurs nombreuses comp\u00e9tences.","og_url":"https:\/\/www.feinsinn-zahngesundheit.ch\/fr\/lequipe\/","og_site_name":"Feinsinn","article_modified_time":"2023-09-21T08:36:28+00:00","twitter_card":"summary_large_image","twitter_misc":{"Dur\u00e9e de lecture estim\u00e9e":"1 minute"},"schema":{"@context":"https:\/\/schema.org","@graph":[{"@type":"WebPage","@id":"https:\/\/www.feinsinn-zahngesundheit.ch\/lequipe\/","url":"https:\/\/www.feinsinn-zahngesundheit.ch\/lequipe\/","name":"L'\u00e9quipe de chirurgiens dentaire - Feinsinn","isPartOf":{"@id":"https:\/\/www.feinsinn-zahngesundheit.ch\/#website"},"datePublished":"2023-06-19T08:30:20+00:00","dateModified":"2023-09-21T08:36:28+00:00","description":"Notre \u00e9quipe de chirurgiens dentaire professionnelle est \u00e0 votre disposition. D\u00e9couvrez qui ils sont, leur exp\u00e9rience et leurs nombreuses comp\u00e9tences.","breadcrumb":{"@id":"https:\/\/www.feinsinn-zahngesundheit.ch\/lequipe\/#breadcrumb"},"inLanguage":"fr-FR","potentialAction":[{"@type":"ReadAction","target":["https:\/\/www.feinsinn-zahngesundheit.ch\/lequipe\/"]}]},{"@type":"BreadcrumbList","@id":"https:\/\/www.feinsinn-zahngesundheit.ch\/lequipe\/#breadcrumb","itemListElement":[{"@type":"ListItem","position":1,"name":"Home","item":"https:\/\/www.feinsinn-zahngesundheit.ch\/"},{"@type":"ListItem","position":2,"name":"L&rsquo;\u00e9quipe"}]},{"@type":"WebSite","@id":"https:\/\/www.feinsinn-zahngesundheit.ch\/#website","url":"https:\/\/www.feinsinn-zahngesundheit.ch\/","name":"Feinsinn","description":"","publisher":{"@id":"https:\/\/www.feinsinn-zahngesundheit.ch\/#organization"},"potentialAction":[{"@type":"SearchAction","target":{"@type":"EntryPoint","urlTemplate":"https:\/\/www.feinsinn-zahngesundheit.ch\/?s={search_term_string}"},"query-input":{"@type":"PropertyValueSpecification","valueRequired":true,"valueName":"search_term_string"}}],"inLanguage":"fr-FR"},{"@type":"Organization","@id":"https:\/\/www.feinsinn-zahngesundheit.ch\/#organization","name":"Feinsinn","url":"https:\/\/www.feinsinn-zahngesundheit.ch\/","logo":{"@type":"ImageObject","inLanguage":"fr-FR","@id":"https:\/\/www.feinsinn-zahngesundheit.ch\/#\/schema\/logo\/image\/","url":"https:\/\/www.feinsinn-zahngesundheit.ch\/wp-content\/uploads\/2023\/06\/logo_feinsinn_rvb.png","contentUrl":"https:\/\/www.feinsinn-zahngesundheit.ch\/wp-content\/uploads\/2023\/06\/logo_feinsinn_rvb.png","width":1000,"height":335,"caption":"Feinsinn"},"image":{"@id":"https:\/\/www.feinsinn-zahngesundheit.ch\/#\/schema\/logo\/image\/"}}]}},"_links":{"self":[{"href":"https:\/\/www.feinsinn-zahngesundheit.ch\/fr\/wp-json\/wp\/v2\/pages\/2375","targetHints":{"allow":["GET"]}}],"collection":[{"href":"https:\/\/www.feinsinn-zahngesundheit.ch\/fr\/wp-json\/wp\/v2\/pages"}],"about":[{"href":"https:\/\/www.feinsinn-zahngesundheit.ch\/fr\/wp-json\/wp\/v2\/types\/page"}],"author":[{"embeddable":true,"href":"https:\/\/www.feinsinn-zahngesundheit.ch\/fr\/wp-json\/wp\/v2\/users\/1"}],"replies":[{"embeddable":true,"href":"https:\/\/www.feinsinn-zahngesundheit.ch\/fr\/wp-json\/wp\/v2\/comments?post=2375"}],"version-history":[{"count":9,"href":"https:\/\/www.feinsinn-zahngesundheit.ch\/fr\/wp-json\/wp\/v2\/pages\/2375\/revisions"}],"predecessor-version":[{"id":2389,"href":"https:\/\/www.feinsinn-zahngesundheit.ch\/fr\/wp-json\/wp\/v2\/pages\/2375\/revisions\/2389"}],"wp:attachment":[{"href":"https:\/\/www.feinsinn-zahngesundheit.ch\/fr\/wp-json\/wp\/v2\/media?parent=2375"}],"curies":[{"name":"wp","href":"https:\/\/api.w.org\/{rel}","templated":true}]}}

L&rsquo;équipe

<div data-elementor-type="wp-page" data-elementor-id="2375" class="elementor elementor-2375" data-elementor-post-type="page">
						<section class="elementor-section elementor-top-section elementor-element elementor-element-75918ea elementor-section-boxed elementor-section-height-default elementor-section-height-default" data-id="75918ea" data-element_type="section" data-e-type="section" data-settings="{&quot;jet_parallax_layout_list&quot;:[]}">
						<div class="elementor-container elementor-column-gap-default">
					<div class="elementor-column elementor-col-100 elementor-top-column elementor-element elementor-element-a2dccb5" data-id="a2dccb5" data-element_type="column" data-e-type="column">
			<div class="elementor-widget-wrap elementor-element-populated">
						<div class="elementor-element elementor-element-0cacfd6 elementor-widget elementor-widget-text-editor" data-id="0cacfd6" data-element_type="widget" data-e-type="widget" data-widget_type="text-editor.default">
				<div class="elementor-widget-container">
									<ol><li><span style="font-weight: 400;"> BRUNO MARCIANO</span></li></ol><p><span style="font-weight: 400;">Le Docteur Bruno Marciano est diplômé de la faculté de chirurgie dentaire de Strasbourg en 1987 et..</span></p><p><span style="font-weight: 400;">bouton : En savoir+</span></p><p> </p><h5><span style="font-weight: 400;">DR. BILJANA MILIC</span></h5><p><span style="font-weight: 400;">Depuis 1990, le Docteur Biljana Milic travaille comme dentiste en Suisse et suis des formations régulières…</span></p><p><span style="font-weight: 400;">Bouton : En savoir +</span></p><p dir="ltr" style="line-height: 1.56; margin-top: 0pt; margin-bottom: 0pt;"><span style="font-size: 12pt; font-family: 'Open Sans',sans-serif; color: #0b1d28; background-color: transparent; font-weight: 400; font-style: normal; font-variant: normal; text-decoration: none; vertical-align: baseline; white-space: pre-wrap;">DR. SANDRINA REISINGER</span></p><p dir="ltr" style="line-height: 1.56; margin-top: 0pt; margin-bottom: 0pt;">Pour le Docteur Sandrina Reisinger, travailler dans le domaine dentaire est une tradition familiale&#8230;</p><p> </p>								</div>
				</div>
					</div>
		</div>
					</div>
		</section>
				</div>

<p>BRUNO MARCIANO Le Docteur Bruno Marciano est diplômé de la faculté de chirurgie dentaire de Strasbourg en 1987 et.. bouton : En savoir+ DR. BILJANA MILIC Depuis 1990, le Docteur Biljana Milic travaille comme dentiste en Suisse et suis des formations régulières… Bouton : En savoir + DR. SANDRINA REISINGER Pour le Docteur Sandrina Reisinger, </p>

<!-- This site is optimized with the Yoast SEO plugin v27.3 - https://yoast.com/product/yoast-seo-wordpress/ -->
<title>L&#039;équipe de chirurgiens dentaire - Feinsinn</title>
<meta name="description" content="Notre équipe de chirurgiens dentaire professionnelle est à votre disposition. Découvrez qui ils sont, leur expérience et leurs nombreuses compétences." />
<meta name="robots" content="index, follow, max-snippet:-1, max-image-preview:large, max-video-preview:-1" />
<link rel="canonical" href="https://www.feinsinn-zahngesundheit.ch/fr/lequipe/" />
<meta property="og:locale" content="fr_FR" />
<meta property="og:type" content="article" />
<meta property="og:title" content="L&#039;équipe de chirurgiens dentaire - Feinsinn" />
<meta property="og:description" content="Notre équipe de chirurgiens dentaire professionnelle est à votre disposition. Découvrez qui ils sont, leur expérience et leurs nombreuses compétences." />
<meta property="og:url" content="https://www.feinsinn-zahngesundheit.ch/fr/lequipe/" />
<meta property="og:site_name" content="Feinsinn" />
<meta property="article:modified_time" content="2023-09-21T08:36:28+00:00" />
<meta name="twitter:card" content="summary_large_image" />
<meta name="twitter:label1" content="Durée de lecture estimée" />
	<meta name="twitter:data1" content="1 minute" />
<script type="application/ld+json" class="yoast-schema-graph">{"@context":"https:\/\/schema.org","@graph":[{"@type":"WebPage","@id":"https:\/\/www.feinsinn-zahngesundheit.ch\/lequipe\/","url":"https:\/\/www.feinsinn-zahngesundheit.ch\/lequipe\/","name":"L'équipe de chirurgiens dentaire - Feinsinn","isPartOf":{"@id":"https:\/\/www.feinsinn-zahngesundheit.ch\/#website"},"datePublished":"2023-06-19T08:30:20+00:00","dateModified":"2023-09-21T08:36:28+00:00","description":"Notre équipe de chirurgiens dentaire professionnelle est à votre disposition. Découvrez qui ils sont, leur expérience et leurs nombreuses compétences.","breadcrumb":{"@id":"https:\/\/www.feinsinn-zahngesundheit.ch\/lequipe\/#breadcrumb"},"inLanguage":"fr-FR","potentialAction":[{"@type":"ReadAction","target":["https:\/\/www.feinsinn-zahngesundheit.ch\/lequipe\/"]}]},{"@type":"BreadcrumbList","@id":"https:\/\/www.feinsinn-zahngesundheit.ch\/lequipe\/#breadcrumb","itemListElement":[{"@type":"ListItem","position":1,"name":"Home","item":"https:\/\/www.feinsinn-zahngesundheit.ch\/"},{"@type":"ListItem","position":2,"name":"L&rsquo;équipe"}]},{"@type":"WebSite","@id":"https:\/\/www.feinsinn-zahngesundheit.ch\/#website","url":"https:\/\/www.feinsinn-zahngesundheit.ch\/","name":"Feinsinn","description":"","publisher":{"@id":"https:\/\/www.feinsinn-zahngesundheit.ch\/#organization"},"potentialAction":[{"@type":"SearchAction","target":{"@type":"EntryPoint","urlTemplate":"https:\/\/www.feinsinn-zahngesundheit.ch\/?s={search_term_string}"},"query-input":{"@type":"PropertyValueSpecification","valueRequired":true,"valueName":"search_term_string"}}],"inLanguage":"fr-FR"},{"@type":"Organization","@id":"https:\/\/www.feinsinn-zahngesundheit.ch\/#organization","name":"Feinsinn","url":"https:\/\/www.feinsinn-zahngesundheit.ch\/","logo":{"@type":"ImageObject","inLanguage":"fr-FR","@id":"https:\/\/www.feinsinn-zahngesundheit.ch\/#\/schema\/logo\/image\/","url":"https:\/\/www.feinsinn-zahngesundheit.ch\/wp-content\/uploads\/2023\/06\/logo_feinsinn_rvb.png","contentUrl":"https:\/\/www.feinsinn-zahngesundheit.ch\/wp-content\/uploads\/2023\/06\/logo_feinsinn_rvb.png","width":1000,"height":335,"caption":"Feinsinn"},"image":{"@id":"https:\/\/www.feinsinn-zahngesundheit.ch\/#\/schema\/logo\/image\/"}}]}</script>
<!-- / Yoast SEO plugin. -->

L'équipe de chirurgiens dentaire - Feinsinn

Notre équipe de chirurgiens dentaire professionnelle est à votre disposition. Découvrez qui ils sont, leur expérience et leurs nombreuses compétences.
